{"id":13,"date":"2020-04-18T06:06:06","date_gmt":"2020-04-18T06:06:06","guid":{"rendered":"http:\/\/dszjaunde.com\/?page_id=13"},"modified":"2020-05-20T06:46:31","modified_gmt":"2020-05-20T06:46:31","slug":"a-propos","status":"publish","type":"page","link":"https:\/\/dszjaunde.com\/?page_id=13","title":{"rendered":"A propos"},"content":{"rendered":"\n<p class=\"has-medium-font-size\">DAS STUDENTENZENTRUM est le centre\nlinguistique de l\u2019Association des Etudiants pour la Promotion des Langues\nCamerounaises et Etrang\u00e8res.<strong><\/strong><\/p>\n\n\n\n<p>DAS STUDENTENZENTRUM\na pour objectif majeur:<\/p>\n\n\n\n<ul><li>La satisfaction des besoins en\ncommunication de l\u2019apprenant \u00e0 travers les comp\u00e9tences suivantes&nbsp;:<\/li><li>Expression\norale<\/li><li>Expression\n\u00e9crite<\/li><li>Compr\u00e9hension\norale<\/li><li>Compr\u00e9hension\n\u00e9crite<\/li><li>La pr\u00e9paration des\napprenants aux examens de START\nDEUTSCH&nbsp; 1 et 2,&nbsp; de ZERTIFIKAT DEUTSCH,\nTESTDAF, de l\u2019IELTS, le TOEFL, le HSK.et le TEF<\/li><li>L\u2019orientation pour\nl\u2019inscription dans les prestigieuses universit\u00e9s \u00e9trang\u00e8res<strong> et surtout de <em>l\u2019espace <\/em><\/strong><strong><em>SCHENGEN<\/em><\/strong><\/li><li><strong>Conseil, orientation et Assistance Visa <\/strong><strong>pour \u00e9tudes,\naffaires et r\u00e9sidence permanente aux<\/strong><strong> USA, CANADA, en Allemagne, AUTRUCHE, UKRAINE,\nESPAGNE, POLOGNE, FRANCE,&nbsp; ILE MAURICE et\nL\u2019ESPACE SCHENGEN<\/strong><strong><\/strong><\/li><\/ul>\n\n\n\n<p><strong>NOTRE CIBLE<\/strong><\/p>\n\n\n\n<p>\u00a0\u00a0\u00a0\u00a0\u00a0\u00a0<strong>\u00a0 Les jeunes scolaire, les \u00e9tudiants, les adultes, les agents de l\u2019Etat, les op\u00e9rateurs \u00e9conomiques et toute autre personne int\u00e9ress\u00e9. <\/strong><\/p>\n<div class=\"pvc_clear\"><\/div><p class=\"pvc_stats all \" data-element-id=\"13\" style=\"\"><i class=\"pvc-stats-icon medium\" aria-hidden=\"true\"><svg aria-hidden=\"true\" focusable=\"false\" data-prefix=\"far\" data-icon=\"chart-bar\" role=\"img\" xmlns=\"http:\/\/www.w3.org\/2000\/svg\" viewBox=\"0 0 512 512\" class=\"svg-inline--fa fa-chart-bar fa-w-16 fa-2x\"><path fill=\"currentColor\" d=\"M396.8 352h22.4c6.4 0 12.8-6.4 12.8-12.8V108.8c0-6.4-6.4-12.8-12.8-12.8h-22.4c-6.4 0-12.8 6.4-12.8 12.8v230.4c0 6.4 6.4 12.8 12.8 12.8zm-192 0h22.4c6.4 0 12.8-6.4 12.8-12.8V140.8c0-6.4-6.4-12.8-12.8-12.8h-22.4c-6.4 0-12.8 6.4-12.8 12.8v198.4c0 6.4 6.4 12.8 12.8 12.8zm96 0h22.4c6.4 0 12.8-6.4 12.8-12.8V204.8c0-6.4-6.4-12.8-12.8-12.8h-22.4c-6.4 0-12.8 6.4-12.8 12.8v134.4c0 6.4 6.4 12.8 12.8 12.8zM496 400H48V80c0-8.84-7.16-16-16-16H16C7.16 64 0 71.16 0 80v336c0 17.67 14.33 32 32 32h464c8.84 0 16-7.16 16-16v-16c0-8.84-7.16-16-16-16zm-387.2-48h22.4c6.4 0 12.8-6.4 12.8-12.8v-70.4c0-6.4-6.4-12.8-12.8-12.8h-22.4c-6.4 0-12.8 6.4-12.8 12.8v70.4c0 6.4 6.4 12.8 12.8 12.8z\" class=\"\"><\/path><\/svg><\/i> &nbsp;2,821&nbsp;total views, &nbsp;19&nbsp;views today<\/p><div class=\"pvc_clear\"><\/div>","protected":false},"excerpt":{"rendered":"<p>DAS STUDENTENZENTRUM est le centre linguistique de l\u2019Association des Etudiants pour la Promotion des Langues Camerounaises et Etrang\u00e8res. DAS STUDENTENZENTRUM a pour objectif majeur: La satisfaction des besoins en communication de l\u2019apprenant \u00e0 travers les comp\u00e9tences suivantes&nbsp;: Expression orale Expression \u00e9crite Compr\u00e9hension orale Compr\u00e9hension \u00e9crite La pr\u00e9paration des apprenants aux examens de START DEUTSCH&nbsp; 1 &hellip;<\/p>\n<p class=\"read-more\"> <a class=\"\" href=\"https:\/\/dszjaunde.com\/?page_id=13\"> <span class=\"screen-reader-text\">A propos<\/span> Lire la suite\u00a0\u00bb<\/a><\/p>\n<div class=\"pvc_clear\"><\/div>\n<p class=\"pvc_stats all \" data-element-id=\"13\" style=\"\"><i class=\"pvc-stats-icon medium\" aria-hidden=\"true\"><svg aria-hidden=\"true\" focusable=\"false\" data-prefix=\"far\" data-icon=\"chart-bar\" role=\"img\" xmlns=\"http:\/\/www.w3.org\/2000\/svg\" viewBox=\"0 0 512 512\" class=\"svg-inline--fa fa-chart-bar fa-w-16 fa-2x\"><path fill=\"currentColor\" d=\"M396.8 352h22.4c6.4 0 12.8-6.4 12.8-12.8V108.8c0-6.4-6.4-12.8-12.8-12.8h-22.4c-6.4 0-12.8 6.4-12.8 12.8v230.4c0 6.4 6.4 12.8 12.8 12.8zm-192 0h22.4c6.4 0 12.8-6.4 12.8-12.8V140.8c0-6.4-6.4-12.8-12.8-12.8h-22.4c-6.4 0-12.8 6.4-12.8 12.8v198.4c0 6.4 6.4 12.8 12.8 12.8zm96 0h22.4c6.4 0 12.8-6.4 12.8-12.8V204.8c0-6.4-6.4-12.8-12.8-12.8h-22.4c-6.4 0-12.8 6.4-12.8 12.8v134.4c0 6.4 6.4 12.8 12.8 12.8zM496 400H48V80c0-8.84-7.16-16-16-16H16C7.16 64 0 71.16 0 80v336c0 17.67 14.33 32 32 32h464c8.84 0 16-7.16 16-16v-16c0-8.84-7.16-16-16-16zm-387.2-48h22.4c6.4 0 12.8-6.4 12.8-12.8v-70.4c0-6.4-6.4-12.8-12.8-12.8h-22.4c-6.4 0-12.8 6.4-12.8 12.8v70.4c0 6.4 6.4 12.8 12.8 12.8z\" class=\"\"><\/path><\/svg><\/i> &nbsp;2,821&nbsp;total views, &nbsp;19&nbsp;views today<\/p>\n<div class=\"pvc_clear\"><\/div>\n","protected":false},"author":1,"featured_media":0,"parent":0,"menu_order":0,"comment_status":"closed","ping_status":"closed","template":"","meta":[],"_links":{"self":[{"href":"https:\/\/dszjaunde.com\/index.php?rest_route=\/wp\/v2\/pages\/13"}],"collection":[{"href":"https:\/\/dszjaunde.com\/index.php?rest_route=\/wp\/v2\/pages"}],"about":[{"href":"https:\/\/dszjaunde.com\/index.php?rest_route=\/wp\/v2\/types\/page"}],"author":[{"embeddable":true,"href":"https:\/\/dszjaunde.com\/index.php?rest_route=\/wp\/v2\/users\/1"}],"replies":[{"embeddable":true,"href":"https:\/\/dszjaunde.com\/index.php?rest_route=%2Fwp%2Fv2%2Fcomments&post=13"}],"version-history":[{"count":6,"href":"https:\/\/dszjaunde.com\/index.php?rest_route=\/wp\/v2\/pages\/13\/revisions"}],"predecessor-version":[{"id":180,"href":"https:\/\/dszjaunde.com\/index.php?rest_route=\/wp\/v2\/pages\/13\/revisions\/180"}],"wp:attachment":[{"href":"https:\/\/dszjaunde.com\/index.php?rest_route=%2Fwp%2Fv2%2Fmedia&parent=13"}],"curies":[{"name":"wp","href":"https:\/\/api.w.org\/{rel}","templated":true}]}}